ons digit of 2390701464?
3
What is the hundred millions digit of 183828754?
1
What is the units digit of 2960023690?
0
What is the hundred millions digit of 2113373735?
1
What is the units digit of 22642281?
1
What is the hundreds digit of 155356528?
5
What is the units digit of 300938908?
8
What is the hundred millions digit of 732063553?
7
What is the hundreds digit of 1075197759?
7
What is the units digit of 110142320?
0
What is the billions digit of 1942014879?
1
What is the units digit of 652472613?
3
What is the thousands digit of 125254857?
4
What is the thousands digit of 28461991?
1
What is the ten thousands digit of 40291358?
9
What is the millions digit of 33315144?
3
What is the hundred millions digit of 1052686170?
0
What is the ten millions digit of 41855591?
4
What is the tens digit of 38377389?
8
What is the tens digit of 24267648?
4
What is the tens digit of 40156068?
6
What is the hundred thousands digit of 502949219?
9
What is the units digit of 182385327?
7
What is the hundred thousands digit of 136951834?
9
What is the hundred millions digit of 201489168?
2
What is the ten millions digit of 186541007?
8
What is the thousands digit of 1770160461?
0
What is the hundreds digit of 34836334?
3
What is the hundred thousands digit of 26150043?
1
What is the hundred thousands digit of 51730087?
7
What is the millions digit of 34739477?
4
What is the thousands digit of 1768925298?
5
What is the ten millions digit of 587583763?
8
What is the thousands digit of 306995092?
5
What is the ten millions digit of 66170638?
6
What is the tens digit of 48695371?
7
What is the ten millions digit of 22037234?
2
What is the hundred thousands digit of 219278979?
2
What is the tens digit of 3558168067?
6
What is the units digit of 61918437?
7
What is the ten millions digit of 45634291?
4
What is the thousands digit of 858750154?
0
What is the ten thousands digit of 70558713?
5
What is the units digit of 45479414?
4
What is the thousands digit of 1736790448?
0
What is the tens digit of 11843689?
8
What is the units digit of 617053413?
3
What is the millions digit of 348523518?
8
What is the hundred thousands digit of 57333016?
3
What is the tens digit of 2099269223?
2
What is the millions digit of 509483390?
9
What is the hundred millions digit of 700291974?
7
What is the hundreds digit of 441280235?
2
What is the hundred thousands digit of 19060665?
0
What is the hundred millions digit of 1879461684?
8
What is the millions digit of 77270878?
7
What is the thousands digit of 4238212849?
2
What is the units digit of 419155022?
2
What is the thousands digit of 1369061594?
1
What is the ten thousands digit of 96102554?
0
What is the hundred millions digit of 1947856148?
9
What is the hundred millions digit of 2630963603?
6
What is the hundreds digit of 1522089807?
8
What is the hundred thousands digit of 3644824194?
8
What is the hundreds digit of 22612976?
9
What is the ten millions digit of 263442004?
6
What is the millions digit of 665835410?
5
What is the hundred thousands digit of 552564051?
5
What is the millions digit of 66864003?
6
What is the tens digit of 105838521?
2
What is the tens digit of 1412710820?
2
What is the hundreds digit of 166701726?
7
What is the hundreds digit of 21902512?
5
What is the millions digit of 149172320?
9
What is the tens digit of 75122518?
1
What is the thousands digit of 2766185300?
5
What is the hundreds digit of 421523680?
6
What is the tens digit of 87897908?
0
What is the thousands digit of 1467310695?
0
What is the thousands digit of 465979006?
9
What is the tens digit of 103082064?
6
What is the hundred thousands digit of 2041240645?
2
What is the tens digit of 17503005?
0
What is the ten thousands digit of 35475855?
7
What is the billions digit of 1970266688?
1
What is the ten thousands digit of 97318874?
1
What is the ten millions digit of 361854249?
6
What is the ten millions digit of 166591338?
6
What is the tens digit of 90109829?
2
What is the tens digit of 9912172?
7
What is the tens digit of 91583143?
4
What is the ten thousands digit of 570598754?
9
What is the millions digit of 378659994?
8
What is the hundred millions digit of 4552659343?
5
What is the ten thousands digit of 435519127?
1
What is the thousands digit of 3508608710?
8
What is the hundred thousands digit of 41462443?
4
What is the tens digit of 497847625?
2
What is the tens digit of 62078985?
8
What is the ten millions digit of 22850490?
2
What is the hundred thousands digit of 387125013?
1
What is the millions digit of 1808549881?
8
What is the units digit of 58934629?
9
What is the tens digit of 90081187?
8
What is the thousands digit of 138229952?
9
What is the hundred millions digit of 166537045?
1
What is the hundreds digit of 2178291650?
6
What is the units digit of 129616104?
4
What is the millions digit of 271730003?
1
What is the billions digit of 1021797869?
1
What is the ten millions digit of 119174697?
1
What is the units digit of 960786382?
2
What is the hundreds digit of 4303151?
1
What is the tens digit of 52642992?
9
What is the units digit of 195671029?
9
What is the millions digit of 9774009?
9
What is the hundred thousands digit of 15199961?
1
What is the ten thousands digit of 47205398?
0
What is the tens digit of 76075093?
9
What is the hundred millions digit of 1103881705?
1
What is the thousands digit of 103141454?
1
What is the hundred thousands digit of 68274252?
2
What is the thousands digit of 166752473?
2
What is the ten millions digit of 980847913?
8
What is the ten millions digit of 33889113?
3
What is the millions digit of 102808040?
2
What is the millions digit of 26736980?
6
What is the units digit of 5338537485?
5
What is the ten thousands digit of 248358540?
5
What is the units digit of 376438193?
3
What is the hundred millions digit of 1316633532?
3
What is the tens digit of 29743269?
6
What is the units digit of 22011101?
1
What is the hundred millions digit of 631470586?
6
What is the hundreds digit of 1687140042?
0
What is the hundred thousands digit of 991548652?
5
What is the hundred thousands digit of 136775939?
7
What is the hundred thousands digit of 188594925?
5
What is the ten millions digit of 50502919?
5
What is the hundred millions digit of 166841336?
1
What is the hundreds digit of 222415368?
3
What is the millions digit of 867625093?
7
What is the hundred millions digit of 7051550256?
0
What is the hundreds digit of 343656863?
8
What is the hundred thousands digit of 2702911255?
9
What is the ten thousands digit of 85606912?
0
What is the units digit of 4331522099?
9
What is the hundred thousands digit of 2737654595?
6
What is the ten millions digit of 137228704?
3
What is the ten thousands digit of 525923906?
2
What is the billions digit of 2682621215?
2
What is the ten thousands digit of 292244919?
4
What is the units digit of 11655647?
7
What is the thousands digit of 193330211?
0
What is the ten thousands digit of 1722295881?
9
What is the ten thousands digit of 269427064?
2
What is the ten millions digit of 346137814?
4
What is the thousands digit of 267391507?
1
What is the thousands digit of 38367039?
7
What is the ten millions digit of 125212374?
2
What is the hundred millions digit of 2304869583?
3
What is the hundred thousands digit of 5758514721?
5
What is the units digit of 317460325?
5
What is the hundreds digit of 256872849?
8
What is the ten millions digit of 43128260?
4
What is the thousands digit of 959299130?
9
What is the tens digit of 314918574?
7
What is the ten thousands digit of 28886602?
8
What is the units digit of 4436851720?
0
What is the thousands digit of 1171231671?
1
What is the ten millions digit of 1954817620?
5
What is the millions digit of 122549005?
2
What is the ten millions digit of 277876535?
7
What is the ten millions digit of 86721242?
8
What is the hundred thousands digit of 1722545994?
5
What is the ten thousands digit of 321239892?
3
What is the units digit of 149134706?
6
What is the tens digit of 6748445332?
3
What is the hundred millions digit of 432475896?
4
What is the hundred thousands digit of 3191850895?
8
What is the millions digit of 45355483?
5
What is the hundred thousands digit of 22813669?
8
What is the millions digit o